se
Is 122888880 a multiple of 720?
True
Is 262 a factor of 3533193?
False
Is 771548639 a multiple of 179?
False
Does 79 divide 24006871?
False
Is 688 a factor of 68809632?
True
Is 1510 a factor of 27833830?
True
Does 4 divide 616075748?
True
Is 116 a factor of 46646384?
True
Is 627 a factor of 75821229?
True
Does 588 divide 20575296?
True
Is 2542284288 a multiple of 36?
True
Is 95 a factor of 1640650?
True
Is 149987796 a multiple of 478?
True
Is 2865 a factor of 399375270?
True
Is 17 a factor of 6718916?
False
Does 974 divide 2377053818?
True
Is 401 a factor of 41172219?
False
Does 14 divide 43570538?
False
Is 4562038 even?
True
Is 2102285376 a multiple of 4094?
True
Does 1134 divide 21595634?
False
Is 44 a factor of 35106671?
False
Does 5 divide 459448?
False
Is 5269 a factor of 275031262?
True
Is 11 a factor of 26489444?
False
Is 49178240 a multiple of 43?
True
Is 99616895 a multiple of 73?
True
Is 893858867 a multiple of 7843?
True
Is 272 a factor of 24182976?
True
Does 2084 divide 273516775?
False
Does 760 divide 2636440?
True
Does 19 divide 98772602?
True
Does 2087 divide 22693932?
False
Is 2367683699 a multiple of 453?
False
Is 9 a factor of 5111846?
False
Is 1725 a factor of 1657539559?
False
Does 92 divide 30507831?
False
Is 493720556 a multiple of 1751?
False
Is 4086862 a multiple of 10?
False
Is 710196150 a multiple of 813?
True
Is 1780959908 a multiple of 266?
True
Is 1344 a factor of 10632384?
True
Is 69 a factor of 231740985?
True
Does 1150 divide 182099233?
False
Is 27098540 a multiple of 28?
True
Is 2388238 a multiple of 207?
False
Is 98068800 a multiple of 50?
True
Is 437459090 a multiple of 215?
False
Is 258386177 a multiple of 1393?
True
Does 12 divide 57879041?
False
Is 5613 a factor of 509795112?
True
Is 698647530 a multiple of 28?
False
Is 25696524 a multiple of 12?
True
Is 93505144 a multiple of 4?
True
Is 55320626 a multiple of 133?
False
Is 2807789 a multiple of 17?
False
Is 178 a factor of 71600144?
True
Does 5018 divide 394221360?
False
Is 306 a factor of 14321106?
True
Is 26177846 a multiple of 10?
False
Does 1339 divide 66343433?
True
Is 586035304 a multiple of 3034?
True
Does 18 divide 81892247?
False
Is 85656160 a multiple of 365?
False
Does 15 divide 1398641730?
True
Is 790168689 a multiple of 2032?
False
Is 3682080297 a multiple of 11017?
False
Is 153036379 a multiple of 52?
False
Is 1467184 a multiple of 428?
True
Does 103 divide 177485426?
False
Is 9 a factor of 587315578?
False
Is 433 a factor of 61540125?
True
Does 11 divide 22590229?
False
Is 757 a factor of 129583772?
False
Does 1038 divide 882080173?
False
Does 1683 divide 185182181?
False
Does 460 divide 719570640?
True
Is 2211 a factor of 16164621?
True
Is 45 a factor of 18344686?
False
Is 1207450238 a multiple of 112?
False
Is 4503 a factor of 3079367544?
True
Does 57 divide 252087060?
True
Is 62 a factor of 203029906?
False
Does 290 divide 8257001?
False
Is 12710337 a multiple of 93?
False
Is 60 a factor of 356123100?
True
Is 224531140 a multiple of 124?
True
Is 236 a factor of 3591478?
False
Is 62 a factor of 11770380?
False
Is 11 a factor of 1945705890?
False
Does 60 divide 341839355?
False
Is 119035510 a multiple of 339?
False
Does 21 divide 874831082?
False
Is 53 a factor of 4076264?
False
Is 263582990 a multiple of 22?
True
Is 8 a factor of 127732118?
False
Does 1154 divide 301926790?
True
Is 103803697 a multiple of 852?
False
Is 106 a factor of 1203109010?
True
Does 37 divide 230284323?
False
Is 10686998 a multiple of 49?
True
Does 19 divide 171497686?
True
Is 46 a factor of 2177668382?
True
Is 17719681 a multiple of 2539?
True
Is 6 a factor of 4809532?
False
Is 196 a factor of 159914832?
True
Does 219 divide 242390514?
True
Does 8877 divide 977899770?
False
Does 28 divide 188256206?
False
Is 1904655316 a multiple of 263?
False
Is 81685918 a multiple of 398?
True
Is 751785968 a multiple of 17?
True
Does 2745 divide 479830306?
False
Does 168 divide 336361910?
False
Is 5 a factor of 552376984?
False
Is 698 a factor of 1813878111?
False
Is 456 a factor of 1025878831?
False
Is 2088335337 a multiple of 222?
False
Does 11 divide 17695018?
True
Does 72 divide 1863763056?
True
Is 64583253 a multiple of 182?
False
Is 3 a factor of 522015?
True
Does 27 divide 3153355?
False
Is 91 a factor of 136187003?
False
Does 116 divide 523966683?
False
Is 33 a factor of 491982064?
False
Is 2639763963 a multiple of 644?
False
Is 5 a factor of 1291195300?
True
Is 9 a factor of 186089298?
False
Is 1902961904 a multiple of 4988?
True
Is 23908992 a multiple of 36?
False
Is 58 a factor of 78396106?
True
Is 488669564 a multiple of 74?
False
Is 2466788 a multiple of 10?
False
Does 1311 divide 408747513?
True
Is 252043 a multiple of 11?
True
Is 35 a factor of 840508246?
False
Is 3926 a factor of 1558649482?
True
Does 11185 divide 1975026873?
False
Does 185 divide 19110079?
False
Is 112494217 a multiple of 66?
False
Does 28 divide 38906134?
False
Is 382 a factor of 31184858?
False
Does 503 divide 106771810?
True
Is 679 a factor of 31411874?
False
Does 572 divide 179625291?
False
Is 233 a factor of 295981639?
False
Does 24 divide 220690071?
False
Is 3208881 a multiple of 3?
True
Does 3 divide 9485683?
False
Is 2767215083 a multiple of 147?
False
Is 27 a factor of 108111115?
False
Is 20 a factor of 37376240?
True
Is 27072029 a multiple of 2370?
False
Is 15 a factor of 12759120?
True
Does 678 divide 400350864?
True
Does 33 divide 1360968048?
True
Does 3746 divide 846596?
True
Is 10702813 a multiple of 10?
False
Does 11 divide 142986107?
True
Does 114 divide 206506993?
False
Does 172 divide 15910793?
False
Is 2650710888 a multiple of 846?
True
Is 49 a factor of 8258072?
False
Does 3443 divide 738888458?
True
Is 31 a factor of 920128151?
False
Does 128 divide 49505920?
True
Does 772 divide 1630026802?
False
Does 450 divide 405672750?
True
Is 122539171 a multiple of 36?
False
Is 113077459 a multiple of 417?
False
Is 14 a factor of 2758208334?
True
Is 5 a factor of 3100493?
False
Is 1799 a factor of 2204098375?
False
Is 8721995 a multiple of 761?
False
Is 85085928 a multiple of 616?
False
Is 3141600 a multiple of 102?
True
Does 670 divide 534465030?
True
Does 21 divide 153905808?
True
Is 927504 a multiple of 456?
True
Is 60387120 a multiple of 30?
True
Is 205809706 a multiple of 8756?
False
Is 2421543740 a multiple of 1540?
True
Is 834139136 a multiple of 1024?
True
Is 47048285 a multiple of 404?
False
Does 148 divide 5019651?
False
Does 16 divide 251447808?
True
Is 3920700 a multiple of 6?
True
Is 45 a factor of 153780705?
True
Is 2305886 a multiple of 928?
False
Is 837 a factor of 76605588?
True
Is 3153 a factor of 294034988?
False
Is 922164022 a multiple of 26?
True
Is 601632954 a multiple of 96?
False
Does 15 divide 124707540?
True
Is 11159389 a multiple of 353?
True
Does 4817 divide 123709399?
False
Is 13541265 a multiple of 31?
True
Does 105 divide 611009070?
True
Is 633195476 a multiple of 74?
False
Is 43254554 a multiple of 49?
True
Is 5397430205 a multiple of 4610?
False
Is 150434142 a multiple of 3?
True
Does 8 divide 6351320?
True
Does 253 divide 299896333?
True
Does 1667 divide 36715011?
False
Is 1392139386 a multiple of 1782?
True
Is 1231784320 a multiple of 1256?
True
Does 3081 divide 113258350?
False
Does 15 divide 9198074?
False
Is 196 a factor of 10052252?
True
Is 103138224 a multiple of 8?
True
Does 1630 divide 49112721?
False
Does 120 divide 3148203360?
True
Is 2630 a factor of 2729396020?
False
Is 132 a factor of 1296422952?
True
Is 38280794 a multiple of 153?
False
Is 70465141 a multiple of 199?
False
Is 951 a factor of 38351253?
False
Is 22840221 a multiple of 85?
False
Is 1043 a factor of 278447624?
True
Is 309 a factor of 33560414?
False
Does 480 divide 224253765?
False
Is 37 a factor of 830951157?
False
Is 1163026789 a multiple of 348?
False
Does 8171 divide 1359940385?
True
Is 398552071 a multiple of 10?
False
Is 250 a factor of 935406313?
False
Is 119562064 a multiple of 212?
True
Is 6 a factor of 2082795198?
True
Does 14 divide 171271899?
False
Is 19287636 a multiple of 40?
False
Is 17 a factor of 10556354?
True
Does 2356 divide 35602514?
False
Is 19206549 a multiple of 171?
True
Is 72413854 a multiple of 23?
False
Is 144 a factor of 52029648?
True
Do